{"id":917,"date":"2017-01-30T16:27:39","date_gmt":"2017-01-30T15:27:39","guid":{"rendered":"http:\/\/v-o-e.fr\/?page_id=917"},"modified":"2024-10-18T00:06:34","modified_gmt":"2024-10-17T22:06:34","slug":"documents-a-completer","status":"publish","type":"page","link":"https:\/\/v-o-e.fr\/index.php\/inscriptions\/documents-a-completer\/","title":{"rendered":"DOCUMENTS A COMPL\u00c9TER"},"content":{"rendered":"<div  class=\"fusion-fullwidth fullwidth-box nonhundred-percent-fullwidth\"  style='background-color: #25292b;background-position: center center;background-repeat: no-repeat;padding-top:20px;padding-right:0px;padding-bottom:20px;padding-left:0px;'><\/p>\n<div class=\"fusion-builder-row fusion-row \">\n<div class=\"fusion-flip-boxes flip-boxes row fusion-columns-3 fusion-no-medium-visibility\">\n<p><img loading=\"lazy\" decoding=\"async\" class=\"alignnone size-full wp-image-4620 aligncenter\" src=\"http:\/\/v-o-e.fr\/wp-content\/uploads\/2024\/05\/Escrime-FFE.png\" alt=\"\" width=\"224\" height=\"72\" srcset=\"https:\/\/v-o-e.fr\/wp-content\/uploads\/2024\/05\/Escrime-FFE-200x64.png 200w, https:\/\/v-o-e.fr\/wp-content\/uploads\/2024\/05\/Escrime-FFE.png 224w\" sizes=\"(max-width: 224px) 100vw, 224px\" \/><\/p>\n<\/div><div class=\"fusion-clearfix\"><\/div>\n<div  class=\"fusion-layout-column fusion_builder_column fusion_builder_column_1_3  fusion-one-third fusion-column-first 1_3\"  style='margin-top:0px;margin-bottom:20px;width:33.33%;width:calc(33.33% - ( ( 4% + 4% ) * 0.3333 ) );margin-right: 4%;'>\n\t\t\t<div class=\"fusion-column-wrapper\" style=\"background-position:left top;background-repeat:no-repeat;-webkit-background-size:cover;-moz-background-size:cover;-o-background-size:cover;background-size:cover;\"  data-bg-url=\"\">\n\t\t\t\t<div class=\"fusion-flip-boxes flip-boxes row fusion-columns-1\"><div class=\"fusion-flip-box-wrapper fusion-column col-lg-12 col-md-12 col-sm-12\"><div class=\"fusion-flip-box\"><div class=\"flip-box-inner-wrapper\"><div class=\"flip-box-front\" style=\"background-color:#25292b;border-color:rgba(255,255,255,0);border-radius:4px;border-style:solid;border-width:0px;color:#aaa9a9;\"><div class=\"flip-box-front-inner\"><div class=\"flip-box-grafix flip-box-no-circle\"><i class=\"fa fa-pencil-square-o\" style=\"color:#fa2121;\"><\/i><\/div><h2 class=\"flip-box-heading without-text\" style=\"color:#ffffff;\">FFE - Auto-questionnaire de sant\u00e9<\/h2><\/div><\/div><div class=\"flip-box-back\" style=\"background-color:#e10707;border-color:rgba(255,255,255,0);border-radius:4px;border-style:solid;border-width:0px;color:#ffffff;\"><div class=\"flip-box-back-inner\">\n<p><img loading=\"lazy\" decoding=\"async\" class=\"alignnone size-full wp-image-4620 aligncenter\" src=\"http:\/\/v-o-e.fr\/wp-content\/uploads\/2024\/05\/Escrime-FFE.png\" alt=\"\" width=\"224\" height=\"72\" srcset=\"https:\/\/v-o-e.fr\/wp-content\/uploads\/2024\/05\/Escrime-FFE-200x64.png 200w, https:\/\/v-o-e.fr\/wp-content\/uploads\/2024\/05\/Escrime-FFE.png 224w\" sizes=\"(max-width: 224px) 100vw, 224px\" \/><\/p>\n<p><a href=\"https:\/\/www.ffescrime.fr\/wp-content\/uploads\/2023\/08\/QS-Sport.pdf\">FFE &#8211; Auto-questionnaire de sant\u00e9<\/a><\/p>\n<\/div><\/div><\/div><\/div><\/div><\/div><div class=\"fusion-clearfix\"><\/div><div class=\"fusion-clearfix\"><\/div>\n\n\t\t\t<\/div>\n\t\t<\/div>\n<div  class=\"fusion-layout-column fusion_builder_column fusion_builder_column_1_3  fusion-one-third 1_3\"  style='margin-top:0px;margin-bottom:20px;width:33.33%;width:calc(33.33% - ( ( 4% + 4% ) * 0.3333 ) );margin-right: 4%;'>\n\t\t\t<div class=\"fusion-column-wrapper\" style=\"background-position:left top;background-repeat:no-repeat;-webkit-background-size:cover;-moz-background-size:cover;-o-background-size:cover;background-size:cover;\"  data-bg-url=\"\">\n\t\t\t\t<div class=\"fusion-flip-boxes flip-boxes row fusion-columns-1\"><div class=\"fusion-flip-box-wrapper fusion-column col-lg-12 col-md-12 col-sm-12\"><div class=\"fusion-flip-box\"><div class=\"flip-box-inner-wrapper\"><div class=\"flip-box-front\" style=\"background-color:#25292b;border-color:rgba(255,255,255,0);border-radius:4px;border-style:solid;border-width:0px;color:#aaa9a9;\"><div class=\"flip-box-front-inner\"><div class=\"flip-box-grafix flip-box-no-circle\"><i class=\"fa fa-pencil-square-o\" style=\"color:#fa2121;\"><\/i><\/div><h2 class=\"flip-box-heading without-text\" style=\"color:#ffffff;\">FFE - Questionnaire de sant\u00e9 et attestation pour mineurs<\/h2><\/div><\/div><div class=\"flip-box-back\" style=\"background-color:#e10707;border-color:rgba(255,255,255,0);border-radius:4px;border-style:solid;border-width:0px;color:#ffffff;\"><div class=\"flip-box-back-inner\">\n<p><img loading=\"lazy\" decoding=\"async\" class=\"alignnone size-full wp-image-4620 aligncenter\" src=\"http:\/\/v-o-e.fr\/wp-content\/uploads\/2024\/05\/Escrime-FFE.png\" alt=\"\" width=\"224\" height=\"72\" srcset=\"https:\/\/v-o-e.fr\/wp-content\/uploads\/2024\/05\/Escrime-FFE-200x64.png 200w, https:\/\/v-o-e.fr\/wp-content\/uploads\/2024\/05\/Escrime-FFE.png 224w\" sizes=\"(max-width: 224px) 100vw, 224px\" \/><\/p>\n<p><a href=\"https:\/\/www.ffescrime.fr\/wp-content\/uploads\/2023\/08\/sportif-mineur.pdf\">FFE &#8211; Questionnaire de sant\u00e9 et attestation pour mineurs<\/a><\/p>\n<\/div><\/div><\/div><\/div><\/div><\/div><div class=\"fusion-clearfix\"><\/div><div class=\"fusion-clearfix\"><\/div>\n\n\t\t\t<\/div>\n\t\t<\/div>\n<div  class=\"fusion-layout-column fusion_builder_column fusion_builder_column_1_3  fusion-one-third fusion-column-last 1_3\"  style='margin-top:0px;margin-bottom:20px;width:33.33%;width:calc(33.33% - ( ( 4% + 4% ) * 0.3333 ) );'>\n\t\t\t<div class=\"fusion-column-wrapper\" style=\"background-position:left top;background-repeat:no-repeat;-webkit-background-size:cover;-moz-background-size:cover;-o-background-size:cover;background-size:cover;\"  data-bg-url=\"\">\n\t\t\t\t<div class=\"fusion-flip-boxes flip-boxes row fusion-columns-1\"><div class=\"fusion-flip-box-wrapper fusion-column col-lg-12 col-md-12 col-sm-12\"><div class=\"fusion-flip-box\"><div class=\"flip-box-inner-wrapper\"><div class=\"flip-box-front\" style=\"background-color:#25292b;border-color:rgba(255,255,255,0);border-radius:4px;border-style:solid;border-width:0px;color:#aaa9a9;\"><div class=\"flip-box-front-inner\"><div class=\"flip-box-grafix flip-box-no-circle\"><i class=\"fa fa-pencil-square-o\" style=\"color:#fa2121;\"><\/i><\/div><h2 class=\"flip-box-heading without-text\" style=\"color:#ffffff;\">FFE - Certificat m\u00e9dical surclassement M11 \u00e0 M20<\/h2><\/div><\/div><div class=\"flip-box-back\" style=\"background-color:#e10707;border-color:rgba(255,255,255,0);border-radius:4px;border-style:solid;border-width:0px;color:#ffffff;\"><div class=\"flip-box-back-inner\">\n<p><img loading=\"lazy\" decoding=\"async\" class=\"alignnone size-full wp-image-4620 aligncenter\" src=\"http:\/\/v-o-e.fr\/wp-content\/uploads\/2024\/05\/Escrime-FFE.png\" alt=\"\" width=\"224\" height=\"72\" srcset=\"https:\/\/v-o-e.fr\/wp-content\/uploads\/2024\/05\/Escrime-FFE-200x64.png 200w, https:\/\/v-o-e.fr\/wp-content\/uploads\/2024\/05\/Escrime-FFE.png 224w\" sizes=\"(max-width: 224px) 100vw, 224px\" \/><\/p>\n<p><a href=\"https:\/\/www.ffescrime.fr\/wp-content\/uploads\/2023\/09\/CM-simple-surclassement-23-24.pdf\">FFE &#8211; Certificat m\u00e9dical surclassement M11 \u00e0 M20<\/a><\/p>\n<\/div><\/div><\/div><\/div><\/div><\/div><div class=\"fusion-clearfix\"><\/div><div class=\"fusion-clearfix\"><\/div>\n\n\t\t\t<\/div>\n\t\t<\/div>\n<div  class=\"fusion-layout-column fusion_builder_column fusion_builder_column_1_1  fusion-one-full fusion-column-first fusion-column-last 1_1\"  style='margin-top:0px;margin-bottom:20px;'>\n\t\t\t<div class=\"fusion-column-wrapper\" style=\"background-position:left top;background-repeat:no-repeat;-webkit-background-size:cover;-moz-background-size:cover;-o-background-size:cover;background-size:cover;\"  data-bg-url=\"\">\n\t\t\t\t\n<div class=\"fusion-builder-row fusion-builder-row-inner fusion-row \"><div  class=\"fusion-layout-column fusion_builder_column fusion_builder_column_1_1  fusion-one-full fusion-column-first fusion-column-last fusion-one-full fusion-column-first fusion-column-last 1_1\"  style='margin-top: 0px;margin-bottom: 20px;'>\n\t\t\t<div class=\"fusion-column-wrapper\" style=\"background-position:left top;background-repeat:no-repeat;-webkit-background-size:cover;-moz-background-size:cover;-o-background-size:cover;background-size:cover;\"  data-bg-url=\"\">\n\t\t\t\t\n<h3><span style=\"color: #ff0000;\">PUBLICS MINEURS : PREMI\u00c8RE LICENCE OU RENOUVELLEMENT DE LICENCE<\/span><\/h3>\n<p><span style=\"color: #ffffff;\">Le d\u00e9cret n\u00b0\u00a02021-564 du 7 mai 2021 pr\u00e9voit qu\u2019il n\u2019est d\u00e9sormais plus n\u00e9cessaire, pour les mineurs, de produire un certificat m\u00e9dical pour l\u2019obtention ou le renouvellement d\u2019une licence dans une f\u00e9d\u00e9ration sportive ou pour l\u2019inscription \u00e0 une comp\u00e9tition sportive organis\u00e9e par une f\u00e9d\u00e9ration. La production d\u2019un tel certificat demeure toutefois n\u00e9cessaire lorsque les r\u00e9ponses au questionnaire de sant\u00e9 du mineur conduisent \u00e0 un examen m\u00e9dical.<\/span><\/p>\n<h3><span style=\"color: #ff0000;\"><strong>PUBLICS MAJEURS NON VETERANS : PREMI\u00c8RE LICENCE ET RENOUVELLEMENT<\/strong><\/span><\/h3>\n<p><span style=\"color: #ffffff;\">La premi\u00e8re d\u00e9livrance d\u2019une licence \u00e0 la FFE n\u00e9cessite la production d&rsquo;un certificat m\u00e9dical datant de moins d\u2019un an (au jour de la demande), attestant l&rsquo;absence de contre-indication \u00e0 la pratique du sport ou le cas \u00e9ch\u00e9ant, de l\u2019escrime.<\/span><\/p>\n<p><span style=\"color: #ffffff;\">Lorsque la licence sollicit\u00e9e permet la participation aux comp\u00e9titions, le certificat m\u00e9dical doit comporter la mention \u00ab en comp\u00e9tition \u00bb.<\/span><\/p>\n<p><span style=\"color: #ffffff;\">Pour le renouvellement de la licence, le sportif renseigne un questionnaire de sant\u00e9 (formulaire Cerfa QS SPORT).<\/span><\/p>\n<p><span style=\"color: #ffffff;\">En pr\u00e9sence d\u2019une r\u00e9ponse positive au questionnaire, l\u2019escrimeur doit montrer son questionnaire renseign\u00e9 \u00e0 son m\u00e9decin et produire un nouveau certificat m\u00e9dical attestant de l\u2019absence de contre-indication pour obtenir le renouvellement de la licence.<\/span><\/p>\n<p><span style=\"color: #ffffff;\">Si toutes les r\u00e9ponses sont n\u00e9gatives, l\u2019escrimeur remettra au club une attestation (annexe 2 &#8211; t\u00e9l\u00e9chargeable sur le site internet de la f\u00e9d\u00e9ration), qui permettra d\u2019effectuer la demande de licence.<\/span><\/p>\n<h3><span style=\"color: #ff0000;\">V\u00c9T\u00c9RANS (40 ANS OU PLUS AU COURS DE LA SAISON SPORTIVE)<\/span><\/h3>\n<p><span style=\"color: #ffffff;\">La population croissante d\u2019escrimeurs de plus en plus \u00e2g\u00e9s, dont certains atteints de maladies chroniques et \/ ou pratiquant des comp\u00e9titions, et la survenue de plusieurs accidents cardiaques, a conduit la f\u00e9d\u00e9ration \u00e0 proposer l\u2019utilisation obligatoire pour les escrimeurs v\u00e9t\u00e9rans (comp\u00e9titeurs ou non), d\u2019un\u00a0 \u00ab formulaire sp\u00e9cifique de non contre-indication v\u00e9t\u00e9ran \u00bb, (annexe 3 )<\/span><\/p>\n<p><span style=\"color: #ffffff;\">Il a pour objectif de sensibiliser autant les m\u00e9decins que les tireurs v\u00e9t\u00e9rans sur les risques existants et sur l&rsquo;int\u00e9r\u00eat d&rsquo;un bilan m\u00e9dical s\u00e9rieux.<\/span><\/p>\n<p><span style=\"color: #ffffff;\">NB 1 : en cas de pathologie connue, en particulier cardiaque, l\u2019avis du sp\u00e9cialiste est requis et il appartient au sp\u00e9cialiste de d\u00e9terminer la nature et la fr\u00e9quence des examens compl\u00e9mentaires n\u00e9cessaires, en sus de ceux demand\u00e9s par la f\u00e9d\u00e9ration.<\/span><\/p>\n<p><span style=\"color: #ffffff;\">NB 2 : il appartient au m\u00e9decin de d\u00e9terminer les examens compl\u00e9mentaires n\u00e9cessaires, en fonction de ses constatations et des facteurs de risque et pathologies \u00e9ventuels. En cas de pathologie connue, en particulier cardiaque, l\u2019avis du sp\u00e9cialiste est requis.<\/span><\/p>\n<p><span style=\"color: #ff0000;\"><strong><u>Avant 65 ans<\/u><\/strong><\/span><\/p>\n<p><span style=\"color: #ffffff;\">Le certificat m\u00e9dical sp\u00e9cifique doit \u00eatre rempli tous les 3 ans et sign\u00e9 par le tireur puis compl\u00e9t\u00e9 et sign\u00e9 par son m\u00e9decin, qui choisira, en fonction des facteurs de risque de chaque personne, de demander ou non des examens compl\u00e9mentaires (biologiques, ECG, \u00e9preuve d\u2019effort\u2026).<\/span><\/p>\n<p><span style=\"color: #ffffff;\">Les ann\u00e9es o\u00f9 le certificat m\u00e9dical n&rsquo;est pas exig\u00e9, le sportif renseigne un questionnaire de sant\u00e9 (formulaire Cerfa QS SPORT-0).<\/span><\/p>\n<p><span style=\"color: #ffffff;\">Afin de prot\u00e9ger leur capital sant\u00e9, la commission m\u00e9dicale recommande aux v\u00e9t\u00e9rans, en fonction de leur \u00e2ge et de la pr\u00e9sence d\u2019autres facteurs de risques (tabac, pathologie associ\u00e9e, ant\u00e9c\u00e9dents, etc.), d\u2019effectuer r\u00e9guli\u00e8rement un bilan de sant\u00e9 aupr\u00e8s de leur m\u00e9decin.<\/span><\/p>\n<p><span style=\"color: #ff0000;\"><strong>Apr\u00e8s 65 ans<\/strong><\/span><\/p>\n<p><span style=\"color: #ffffff;\">Le certificat m\u00e9dical sp\u00e9cifique doit \u00eatre rempli tous les ans et sign\u00e9 par le tireur puis compl\u00e9t\u00e9 et sign\u00e9 par son m\u00e9decin, qui choisira, en fonction des facteurs de risque de chaque personne, de demander ou non des examens compl\u00e9mentaires (biologiques, ECG, \u00e9preuve d\u2019effort\u2026).<\/span><\/p>\n<p><span style=\"color: #ffffff;\">Afin de prot\u00e9ger leur capital sant\u00e9, la commission m\u00e9dicale recommande aux v\u00e9t\u00e9rans, en fonction de leur \u00e2ge et de la pr\u00e9sence d\u2019autres facteurs de risques (tabac, pathologie associ\u00e9e, ant\u00e9c\u00e9dents, etc.), d\u2019effectuer r\u00e9guli\u00e8rement un bilan de sant\u00e9 aupr\u00e8s de leur m\u00e9decin.<\/span><\/p>\n<p><strong>Certificat d\u2019inaptitude temporaire \u00e0 la pratique en comp\u00e9tition<\/strong><\/p>\n<p><span style=\"color: #ffffff;\">Tout m\u00e9decin a la possibilit\u00e9 d\u2019\u00e9tablir un certificat d\u2019inaptitude temporaire \u00e0 la pratique de l\u2019escrime en comp\u00e9tition \u00e0 tout sujet examin\u00e9 lui paraissant en mauvaise condition de sant\u00e9. Ce certificat sera transmis par le sujet examin\u00e9 au m\u00e9decin f\u00e9d\u00e9ral national qui en contr\u00f4lera l\u2019application.<\/span><\/p>\n<p><span style=\"color: #ffffff;\">La demande de retrait de licence sera adress\u00e9e sous pli confidentiel au pr\u00e9sident f\u00e9d\u00e9ral en respectant le secret m\u00e9dical.<\/span><\/p>\n<p><span style=\"color: #000000;\">Surclassement<\/span><\/p>\n<p><span style=\"color: #ffffff;\">Du fait de l\u2019\u00e9volution de la r\u00e9glementation relative au certificat m\u00e9dical d\u2019absence de contre-indication, la demande de tout surclassement (simple, double) requiert l\u2019utilisation d\u2019un formulaire sp\u00e9cifique, valable pour une saison sportive et t\u00e9l\u00e9chargeable ci-dessous).<\/span><\/p>\n<p><span style=\"color: #ffffff;\">&#8211;\u00a0<strong>Simples surclassements\u00a0<\/strong>(participation \u00e0 des comp\u00e9titions dans la cat\u00e9gorie imm\u00e9diatement sup\u00e9rieure). Le simple surclassement n\u2019est possible qu\u2019\u00e0 partir de la cat\u00e9gorie M11 1\u00e8re ann\u00e9e.<\/span><\/p>\n<p><span style=\"color: #ff0000;\"><strong>Cas particulier des M11 2\u00e8me ann\u00e9e et des M13 1\u00e8re\u00a0ann\u00e9e\u00a0:\u00a0<\/strong><\/span><a href=\"http:\/\/www.escrime-ffe.fr\/download\/caci-simple-surclassement-encadre-2018-2019-pdf\"><strong><br \/>\n<\/strong><\/a><\/p>\n<p><span style=\"color: #ffffff;\">Compte-tenu des diff\u00e9rences de morphologie et de d\u00e9veloppement importantes entre ces cat\u00e9gories et de l\u2019obligation pour la f\u00e9d\u00e9ration de prot\u00e9ger la sant\u00e9 de ses licenci\u00e9s (Code du sport Art. L.231-5), il a \u00e9t\u00e9 d\u00e9cid\u00e9 d\u2019apporter un encadrement sp\u00e9cifique aux simples surclassements pour ces escrimeurs. Les m\u00e9decins traitants et les parents seront sensibilis\u00e9s \u00e0 la n\u00e9cessit\u00e9 d&rsquo;un \u00e9chauffement s\u00e9rieux, ainsi qu\u2019aux caract\u00e9ristiques particuli\u00e8res de l\u2019escrime, avec des efforts fractionn\u00e9s, explosifs, et la survenue d\u2019extensions brutales.<\/span><\/p>\n<p><strong><u>Double surclassement pour une seule comp\u00e9tition sur l&rsquo;ann\u00e9e<\/u><\/strong><\/p>\n<p><span style=\"color: #ffffff;\">La commission m\u00e9dicale a souhait\u00e9 cr\u00e9er le double surclassement simplifi\u00e9 pour les cat\u00e9gories M15 et M17 limit\u00e9 \u00e0 une seule comp\u00e9tition sur la saison sportive.<\/span><\/p>\n<p><span style=\"color: #ffffff;\">Il fera l\u2019objet d\u2019un certificat m\u00e9dical d\u00e9di\u00e9 sans le dossier de double surclassement.<\/span><\/p>\n<p><span style=\"color: #ffffff;\">Pourra \u00eatre d\u00e9livr\u00e9 par des m\u00e9decins agr\u00e9\u00e9s, et\/ou des m\u00e9decins du sport.<\/span><\/p>\n<p><strong><u>Double surclassement\u00a0pour plus d&rsquo;une comp\u00e9tition sur l&rsquo;ann\u00e9e<\/u><\/strong><\/p>\n<p><span style=\"color: #ffffff;\">Les doubles surclassements ne s\u2019appliquent que pour les cat\u00e9gories M15 et M17, pour des jeunes escrimeurs ayant un potentiel physique, psychologique et technique prometteur et imposent le respect de la proc\u00e9dure suivante\u00a0:<\/span><\/p>\n<ul>\n<li><span style=\"color: #ffffff;\">Utilisation du \u00ab\u00a0formulaire de double surclassement\u00a0\u00bb, rempli par un m\u00e9decin du sport (*) ou dans un centre m\u00e9dico-sportif<\/span><\/li>\n<li><span style=\"color: #ffffff;\">Autorisation parentale<\/span><\/li>\n<li><span style=\"color: #ffffff;\">Avis du cadre technique<\/span><\/li>\n<li><span style=\"color: #ffffff;\">Validation obligatoire par le m\u00e9decin f\u00e9d\u00e9ral r\u00e9gional (pour une seule arme et pour une ann\u00e9e)<\/span><\/li>\n<li><span style=\"color: #ffffff;\">Possibilit\u00e9 de limiter le nombre de comp\u00e9titions avec surclassement<\/span><\/li>\n<\/ul>\n<p><span style=\"color: #ffffff;\">Le comit\u00e9 r\u00e9gional apposera son tampon et remettra le coupon pour information du club et conservation par le tireur (pour pr\u00e9sentation lors des comp\u00e9titions).<\/span><\/p>\n\n\n\n\t\t\t<\/div>\n\t\t<\/div>\n<\/div>\n<div class=\"fusion-clearfix\"><\/div>\n\n\t\t\t<\/div>\n\t\t<\/div>\n<\/div><\/div>\n","protected":false},"excerpt":{"rendered":"","protected":false},"author":1,"featured_media":0,"parent":525,"menu_order":1,"comment_status":"closed","ping_status":"closed","template":"","meta":{"footnotes":""},"_links":{"self":[{"href":"https:\/\/v-o-e.fr\/index.php\/wp-json\/wp\/v2\/pages\/917"}],"collection":[{"href":"https:\/\/v-o-e.fr\/index.php\/wp-json\/wp\/v2\/pages"}],"about":[{"href":"https:\/\/v-o-e.fr\/index.php\/wp-json\/wp\/v2\/types\/page"}],"author":[{"embeddable":true,"href":"https:\/\/v-o-e.fr\/index.php\/wp-json\/wp\/v2\/users\/1"}],"replies":[{"embeddable":true,"href":"https:\/\/v-o-e.fr\/index.php\/wp-json\/wp\/v2\/comments?post=917"}],"version-history":[{"count":107,"href":"https:\/\/v-o-e.fr\/index.php\/wp-json\/wp\/v2\/pages\/917\/revisions"}],"predecessor-version":[{"id":4792,"href":"https:\/\/v-o-e.fr\/index.php\/wp-json\/wp\/v2\/pages\/917\/revisions\/4792"}],"up":[{"embeddable":true,"href":"https:\/\/v-o-e.fr\/index.php\/wp-json\/wp\/v2\/pages\/525"}],"wp:attachment":[{"href":"https:\/\/v-o-e.fr\/index.php\/wp-json\/wp\/v2\/media?parent=917"}],"curies":[{"name":"wp","href":"https:\/\/api.w.org\/{rel}","templated":true}]}}